
Let h = -567 - -189. Let w be h*5/15*-2. What is the highest common factor of w and 28?
28
Suppose -4*w - 15 = -55. Let x be (24/w)/(-3 - (-33)/10). Let q be 4/(-18) + x + (-552)/(-54). Calculate the greatest common factor of q and 24.
6
Suppose -9*a + 651 = -10*a. Let i = a + 776. What is the highest common divisor of 25 and i?
25
Let h be 12 + (-3 - 4/(-2)). Suppose k + 2*l - 111 = 0, l = -k + 5*l + 111. Suppose d - k + 34 = 0. Calculate the greatest common factor of d and h.
11
Suppose -12 = -3*c, -4*a = -3*a + 5*c - 75. Let b = a - 39. Suppose 6160 = -59*o + 213*o. What is the highest common divisor of b and o?
8
Let z(q) = 1850*q**2 - 141*q + 423. Let c be z(3). What is the highest common factor of c and 37?
37
Let p = 248 + -246. Let q(m) = 7*m**3 - 2*m**2 + 6*m + 3. Let s be q(p). Let f be (3 + -11)*63/(-12). Calculate the greatest common factor of s and f.
21
Suppose 3*h = -42 - 132. Let z be ((-23)/(-46))/((-1)/5)*h. What is the highest common divisor of z and 29?
29
Let p = -573 - -879. Let k = p + -178. Calculate the highest common divisor of k and 96.
32
Let l be 585/(-60)*40/(-6). Suppose -3*d - 3*u = 2*u - 35, 5*d + 5*u = l. Suppose -m + 7 = 1. Calculate the greatest common divisor of d and m.
3
Let p be 2 - (-11457)/12 - 33/44. Suppose -9*u + 349 = -p. Suppose -2*j - 58 = -3*j. What is the greatest common divisor of j and u?
29
Let s(l) = l**3 - 37*l**2 - 53*l + 595. Let t be s(38). What is the highest common divisor of 2675 and t?
25
Let g be (2/(-14))/(0 + -2 - (-135)/70). Calculate the highest common divisor of 2222 and g.
2
Let u be 4/(-22)*(-59900)/200 - 36/(-66). What is the greatest common factor of 3685 and u?
55
Let y be -191*7/(0 + -7). Let o = 403 - y. Calculate the greatest common factor of o and 4.
4
Let r = -150 + 395. Suppose 122*a = 144*a - 770. What is the greatest common divisor of r and a?
35
Let v = -23967 - -24030. What is the greatest common divisor of 27153 and v?
63
Let z = -12 + -34. Let h = -43 - z. Suppose 8 = -y - h*t, y - 2 = 5*t - 6*t. What is the highest common divisor of y and 7?
7
Let j(z) = 4*z - 6. Let m(b) = b**3 + 2*b + 6*b**2 + b - 6*b + 2*b - 1. Let p be m(-6). Let s be j(p). Calculate the highest common factor of 70 and s.
14
Suppose -j - 2*j + 126 = 0. Suppose 10074 + 3752 - 4376 = 30*q. What is the highest common factor of q and j?
21
Let d(p) = 8*p - 4. Let q be d(5). Let c(z) = 1185*z - 14212. Let x be c(12). What is the greatest common divisor of q and x?
4
Suppose -2*k + 3*k + 16 = 5*a, 3*k + 48 = a. Let j be 4*(172/k - -4). Let s be ((-4696)/(-36))/2 - (-6)/j. Calculate the greatest common factor of s and 13.
13
Let f = -32997 - -34957. Calculate the highest common divisor of f and 3528.
392
Suppose -5*u + 5*p = -20, -u = 4*u + 4*p - 65. Suppose -3*s - 60 = -u*s. Suppose s*z + z = 264. What is the greatest common divisor of 120 and z?
24
Let t(y) = -y**2 - 37*y. Let f be t(-34). Let q = -712 + 1069. What is the highest common divisor of q and f?
51
Suppose -10*f + 96 = -334. Let l = f - 40. Suppose 0*g - 75 = -4*g - 5*p, -95 = -l*g + 4*p. What is the greatest common factor of 5 and g?
5
Let s(u) = u**2 - 22*u + 2. Let z be s(22). Suppose 307 = 2*h - i, z*h = h + 2*i + 158. What is the greatest common divisor of 228 and h?
76
Suppose 3*h - 4*g = -30, -3*h + 2*g - 12 = 4*g. Let z(k) = 44*k + 280. Let y be z(h). What is the highest common factor of y and 368?
16
Suppose -278 = -25*v - 103. Suppose v*n - 181 = 3*n - u, -4*u - 58 = -n. What is the greatest common factor of n and 46?
46
Let u be 12/((0 - (-1 - 1))/3). Let r = -43 - u. Let y = r + 86. Calculate the highest common factor of 200 and y.
25
Let v(n) = -20*n**3 + 2*n**2 - 22*n - 36. Let g be v(-2). What is the greatest common factor of 2816 and g?
176
Suppose 5*x + 2*j - 170 + 21 = 0, -3*j - 9 = 0. Let h(i) = i**2 - i - 1. Let y be h(-2). Suppose x = 6*k - y. What is the highest common factor of k and 42?
6
Suppose 6*j - 7*j + 5*l = -19, 3*j - 45 = 3*l. Suppose -2*p - 2*p + 616 = 0. Calculate the highest common divisor of j and p.
14
Let o be 1 + -4*(-4 + 3). Let k be -20*o/4*1. Let h = 49 + k. What is the greatest common factor of h and 3?
3
Let b(c) = -2*c**2 - 220*c + 164. Let g be b(-97). What is the greatest common divisor of g and 102?
34
Let f be (0 + -1)*5/(5/(-17)). Let b = f - -6. What is the greatest common factor of 1 and b?
1
Let n be -2*2*4/(-1). Let a = 9641 - 9465. Calculate the greatest common divisor of n and a.
16
Suppose 5*r - 4*a = 15, -a = -r - r + 6. Let k(i) = 65*i**2 - 3*i + 4. Let d be k(1). Suppose 4*y = d + 42. Calculate the highest common factor of r and y.
3
Suppose 4*a - 2432 = -266*q + 264*q, -6120 = -5*q - 2*a. What is the highest common divisor of 2 and q?
2
Let x(f) = -33*f. Let s be x(-4). Let d = 12668 + -12632. What is the highest common factor of s and d?
12
Suppose -1926*o + 2*k - 266 = -1928*o, -4*k = 4. Let y(b) = 2*b**2 - 5*b - 6. Let t be y(-9). What is the highest common divisor of o and t?
67
Let c be -18 + 14 + 58/4*4. Let n be 27/c + (-19)/(-2). What is the greatest common factor of 65 and n?
5
Suppose -118*d - 46 = -116*d. Let h be -1 - 10/(-2) - 943/d. Suppose 0 = -7*z + 5*z + 18. What is the greatest common divisor of z and h?
9
Let p(q) = -3*q - 1. Let w be p(-1). Suppose -5*z + m = -30, 5*z - 10 = -m - w*m. Suppose -58 = -z*t + 117. What is the highest common factor of 10 and t?
5
Suppose -507*f + 4*p = -504*f - 1343, -5*f - 4*p = -2217. What is the greatest common factor of f and 5?
5
Suppose 28320 = -23711*z + 23731*z. What is the highest common factor of z and 24?
24
Suppose 4*d - 517 = 743. Let u = -204 + d. What is the greatest common divisor of u and 74?
37
Suppose 234*l - 124943 = 28093. Calculate the greatest common factor of l and 109.
109
Let g(z) be the third derivative of 1/60*z**6 + 0 + 0*z + 1/6*z**5 - 44*z**2 + 0*z**4 - z**3. Let x be g(-4). Calculate the highest common divisor of 234 and x.
26
Let l = 376 + -364. Let p be (-312)/(-117)*(-1 + 62/(-4)). Let u = p + 86. Calculate the greatest common divisor of u and l.
6
Suppose 5*h - 7*t = 1202, -678 = -2*h - h - 3*t. What is the highest common divisor of 360 and h?
8
Let t be ((-2166)/15)/((9 + 0)/(-540)). Calculate the greatest common factor of t and 76.
76
Suppose 0 = 15*h - 10*h - o - 173, -4*o = 5*h - 208. Calculate the greatest common factor of h and 34254.
18
Suppose 588 + 1337 = -35*a. Let i be -13 + 5 - (a - -3). Calculate the highest common divisor of 275 and i.
11
Suppose -b - 5 = -2, -b - 303 = 2*n. Let l = n + 157. Suppose -2*y - 378 = -11*y. Calculate the greatest common divisor of y and l.
7
Let n(m) = -162*m - 471. Let r be n(-3). What is the highest common divisor of 1875 and r?
15
Suppose 5*y + 4*h = -h + 190, -2*y - 4*h + 86 = 0. Suppose -3377 - 1672 = 183*v - 200*v. What is the highest common divisor of y and v?
33
Let x be 14 + (-1 - 1) + (-102)/(-34). Let j be (8 - 7)*(-2 + x). Calculate the highest common factor of j and 325.
13
Let l(o) = -o**2 - 11*o - 10. Let s be l(-6). Suppose h + s = 45. Let p = 371 + -146. Calculate the highest common divisor of p and h.
25
Let z be 30/(-45) - 74/(-3). Suppose -908*a + 913*a = 1500. Calculate the greatest common factor of a and z.
12
Let c be (-2)/(-5) - (-2)/(-5). Let u be (-1 + c)/((-4)/24). Calculate the highest common divisor of u and 42.
6
Suppose q = -3*q + 520. Suppose 32 = y - 3*a, -2*y = -0*a - 2*a - 56. Calculate the highest common factor of q and y.
26
Suppose 0 = -11*l + 14*l - 12. Let j(d) = 8*d**2 - 16. Let r be j(l). Let q(x) = 4*x - 6. Let n be q(5). What is the highest common divisor of r and n?
14
Let n = 4193 + -4156. Suppose m - 2*m + 1771 = 3*y, 0 = y - 3*m - 607. What is the greatest common divisor of n and y?
37
Let p = 142 - 136. Let q be 6 - (1 - p - 448). What is the greatest common factor of q and 51?
51
Let j = 16 - -5. Suppose -26 = r - 12*h + 7*h, -r - j = -4*h. Let c be r/(0 + 3/(-36)). What is the greatest common divisor of 132 and c?
12
Let r = -16742 + 21343. Calculate the highest common divisor of 129 and r.
43
Let g = -993 - -1050. Suppose 0*d = 2*n - 2*d - 26, -4*n + 5*d = -g. Let u be (-2)/(-4) - (-477)/6. Calculate the highest common divisor of n and u.
8
Let w = -574 + 585. What is the highest common div